{"id":435,"date":"2020-11-07T17:22:39","date_gmt":"2020-11-07T16:22:39","guid":{"rendered":"http:\/\/germepi.fr\/?page_id=435"},"modified":"2020-11-20T15:50:54","modified_gmt":"2020-11-20T14:50:54","slug":"docs","status":"publish","type":"page","link":"http:\/\/germepi.fr\/?page_id=435","title":{"rendered":"Docs"},"content":{"rendered":"\n<p class=\"has-black-color has-text-color\"><em>Les documents \u00e0 t\u00e9l\u00e9charger dans ces pages sont uniquement destin\u00e9s aux adh\u00e9rents de l&rsquo;association et sont accessibles avec un mot de passe.<\/em><\/p>\n\n\n\n<ul><li><a href=\"http:\/\/germepi.fr\/?page_id=359\">Documents cours \u00c9lisabeth Alixant<\/a><\/li><li><a href=\"http:\/\/germepi.fr\/?page_id=441\">Documents cours \u00c9lisabeth Sauldubois<\/a><\/li><li><a href=\"http:\/\/germepi.fr\/?page_id=444\">Documents cours Sabine Th\u00e9resse<\/a><\/li><\/ul>\n\n\n\n<p><\/p>\n\n\n\n<p><\/p>\n","protected":false},"excerpt":{"rendered":"<p>Les documents \u00e0 t\u00e9l\u00e9charger dans ces pages sont uniquement destin\u00e9s aux adh\u00e9rents de l&rsquo;association et sont accessibles avec un mot de passe. Documents cours \u00c9lisabeth Alixant Documents cours \u00c9lisabeth Sauldubois Documents cours Sabine Th\u00e9resse<\/p>\n","protected":false},"author":1,"featured_media":0,"parent":0,"menu_order":0,"comment_status":"closed","ping_status":"closed","template":"","meta":[],"yoast_head":"<!-- This site is optimized with the Yoast SEO plugin v15.7 - https:\/\/yoast.com\/wordpress\/plugins\/seo\/ -->\n<title>Docs - germepi<\/title>\n<meta name=\"robots\" content=\"index, follow, max-snippet:-1, max-image-preview:large, max-video-preview:-1\" \/>\n<link rel=\"canonical\" href=\"https:\/\/germepi.fr\/?page_id=435\" \/>\n<meta property=\"og:locale\" content=\"fr_FR\" \/>\n<meta property=\"og:type\" content=\"article\" \/>\n<meta property=\"og:title\" content=\"Docs - germepi\" \/>\n<meta property=\"og:description\" content=\"Les documents \u00e0 t\u00e9l\u00e9charger dans ces pages sont uniquement destin\u00e9s aux adh\u00e9rents de l&rsquo;association et sont accessibles avec un mot de passe. Documents cours \u00c9lisabeth Alixant Documents cours \u00c9lisabeth Sauldubois Documents cours Sabine Th\u00e9resse\" \/>\n<meta property=\"og:url\" content=\"https:\/\/germepi.fr\/?page_id=435\" \/>\n<meta property=\"og:site_name\" content=\"germepi\" \/>\n<meta property=\"article:modified_time\" content=\"2020-11-20T14:50:54+00:00\" \/>\n<meta name=\"twitter:card\" content=\"summary_large_image\" \/>\n<script type=\"application\/ld+json\" class=\"yoast-schema-graph\">{\"@context\":\"https:\/\/schema.org\",\"@graph\":[{\"@type\":\"WebSite\",\"@id\":\"http:\/\/germepi.fr\/#website\",\"url\":\"http:\/\/germepi.fr\/\",\"name\":\"germepi\",\"description\":\"Association d&#039;enseignement de yoga\",\"potentialAction\":[{\"@type\":\"SearchAction\",\"target\":\"http:\/\/germepi.fr\/?s={search_term_string}\",\"query-input\":\"required name=search_term_string\"}],\"inLanguage\":\"fr-FR\"},{\"@type\":\"WebPage\",\"@id\":\"https:\/\/germepi.fr\/?page_id=435#webpage\",\"url\":\"https:\/\/germepi.fr\/?page_id=435\",\"name\":\"Docs - germepi\",\"isPartOf\":{\"@id\":\"http:\/\/germepi.fr\/#website\"},\"datePublished\":\"2020-11-07T16:22:39+00:00\",\"dateModified\":\"2020-11-20T14:50:54+00:00\",\"inLanguage\":\"fr-FR\",\"potentialAction\":[{\"@type\":\"ReadAction\",\"target\":[\"https:\/\/germepi.fr\/?page_id=435\"]}]}]}<\/script>\n<!-- \/ Yoast SEO plugin. -->","_links":{"self":[{"href":"http:\/\/germepi.fr\/index.php?rest_route=\/wp\/v2\/pages\/435"}],"collection":[{"href":"http:\/\/germepi.fr\/index.php?rest_route=\/wp\/v2\/pages"}],"about":[{"href":"http:\/\/germepi.fr\/index.php?rest_route=\/wp\/v2\/types\/page"}],"author":[{"embeddable":true,"href":"http:\/\/germepi.fr\/index.php?rest_route=\/wp\/v2\/users\/1"}],"replies":[{"embeddable":true,"href":"http:\/\/germepi.fr\/index.php?rest_route=%2Fwp%2Fv2%2Fcomments&post=435"}],"version-history":[{"count":7,"href":"http:\/\/germepi.fr\/index.php?rest_route=\/wp\/v2\/pages\/435\/revisions"}],"predecessor-version":[{"id":498,"href":"http:\/\/germepi.fr\/index.php?rest_route=\/wp\/v2\/pages\/435\/revisions\/498"}],"wp:attachment":[{"href":"http:\/\/germepi.fr\/index.php?rest_route=%2Fwp%2Fv2%2Fmedia&parent=435"}],"curies":[{"name":"wp","href":"https:\/\/api.w.org\/{rel}","templated":true}]}}